 of a and 3.
3
Let t = 70 - -14. Suppose -5*u - 3*h = -10, -3*h + 15 = -2*u - 8*h. Suppose -x + 15 = -r + 2*r, -54 = -u*x + 2*r. What is the highest common factor of x and t?
12
Let p = -326 + 335. What is the greatest common divisor of 72 and p?
9
Let h(f) be the first derivative of f**3/3 + 4*f**2 + 10. Let w be h(-9). Calculate the greatest common factor of w and 45.
9
Suppose -5*l - 151 + 176 = 0. What is the greatest common factor of 45 and l?
5
Let n(k) = -1 + 35*k**2 + 5 - 36*k**2 + k + 4*k. Suppose -25 = -4*o - o. Let c be n(o). What is the greatest common factor of 4 and c?
4
Suppose 4*l - 106 = -2*y, -2*l + 3*y = -l - 23. What is the greatest common factor of l and 13?
13
Let q(d) = 7*d**2 - 2*d + 1. Let n be 1/((-3)/2)*-3. Let g be ((n - 2) + -1)*-1. Let r be q(g). Calculate the highest common divisor of 9 and r.
3
Suppose m = n + 2*m - 38, 2*n + 3*m - 78 = 0. What is the greatest common divisor of 8 and n?
4
Let i be (-1)/(3/(-294)*2). Suppose -i*y + 40*y + 306 = 0. What is the highest common factor of 170 and y?
34
Let l = -46 + 51. Suppose 0 = l*b - 3*z - 173, -2*z + 0*z + 134 = 4*b. What is the greatest common divisor of b and 51?
17
Let i be -1 + -3 - 9 - 2. Let q be (i + 9)/(3/(-8)). Let f = 13 - -3. What is the greatest common divisor of f and q?
16
Suppose 7*m = 6*m + 162. Suppose m = 5*s - 2*s. What is the greatest common divisor of 27 and s?
27
Suppose -x + 11 = -2*z, 2*z = -0*z + 5*x - 23. Let g = -4 - z. Suppose -60 = -g*n - n. Calculate the highest common factor of n and 12.
12
Suppose -4*d - 4*x = -2396, -21*x = -4*d - 26*x + 2395. Calculate the highest common factor of d and 50.
50
Let x = 1359 + -1093. Calculate the greatest common factor of x and 14.
14
Suppose 4*s + 2*b = 80 - 2, -s - 5*b = 3. Let x = s + -9. Suppose -5*k + 289 = -426. What is the greatest common factor of k and x?
13
Suppose y = -0*y. Let k be y - (4/(-2) + -48). Let a be 1 + 10 + 1 - 2. Calculate the highest common factor of a and k.
10
Let v = 307 + -250. What is the highest common divisor of 76 and v?
19
Let r(f) = f**3 - 24*f**2 + 23*f + 4. Let n be r(23). Let j be (31/(-4))/(11/n + -3). Calculate the highest common factor of 124 and j.
31
Let s = 222 + -192. Calculate the greatest common factor of s and 345.
15
Let q be (-39 - 2)/(33/(-66)). What is the highest common factor of q and 697?
41
Let q = 67 + 55. Let n = q + -114. Calculate the greatest common factor of 8 and n.
8
Let n = 6 + 8. Let m = -83 + 195. Calculate the greatest common factor of m and n.
14
Let c(w) = w**2 + 5*w - 22. Let o be c(-9). Let z = o - 10. What is the highest common factor of 10 and z?
2
Let g be (3 - (-870)/20)/((-2)/(-4)). Calculate the greatest common factor of 403 and g.
31
Let l = 76 + 29. Let w be (l/2)/(4*(-8)/(-64)). What is the highest common divisor of w and 15?
15
Let o = -23 - -26. Suppose 2*t = 3*l + 77, -2*l - 120 = o*l + 5*t. Let z = l - -45. Calculate the greatest common factor of z and 160.
20
Let y(f) = -f**3 + 2*f**2 + 5*f - 6. Let w be y(-5). Let a be 4*7*(-1)/(-2). Suppose 0 = -a*s + 186 + 38. What is the highest common factor of w and s?
16
Let y = 105 - 89. Calculate the highest common factor of y and 56.
8
Let d(k) = -k**3 + 28*k**2 - 42*k + 83. Let p be d(26). What is the greatest common divisor of 49 and p?
49
Suppose -3*g - 76 + 10 = 0. Let x = 38 + g. What is the greatest common divisor of x and 16?
16
Let x(q) = -2*q + 1. Let o be x(-3). Suppose -2*k - 19 + 15 = 0. Let d = k - -23. What is the highest common divisor of o and d?
7
Let z = 802 - 742. Calculate the greatest common divisor of 36 and z.
12
Suppose 0 = 5*v - 73 - 82. Let i = 36 - v. Let t be (-282)/(-7) - 2/7. What is the highest common divisor of i and t?
5
Let n(q) = -q**2 - 3*q + 4. Let x be n(-3). Suppose m + 185 = 5*j + 6*m, 2*m = x*j - 124. Calculate the highest common factor of 231 and j.
33
Suppose -2*r + 47 = -5*k, k = -0 - 3. Calculate the highest common factor of r and 464.
16
Let y(a) = -2*a**2 - 6*a + 2. Let q(v) = -v**2 - v + 1. Let z(r) = -3*q(r) + y(r). Let m be z(-3). What is the highest common divisor of 68 and m?
17
Let r(j) = -2*j - 9. Let o be r(-5). Let y = o + 2. Let w be y*5/(15/28). Calculate the greatest common divisor of 70 and w.
14
Let i be -3 + -3 - -9 - (-20)/4. Calculate the greatest common factor of 632 and i.
8
Let f be 130 + (-3)/((84/(-20))/7). Calculate the greatest common factor of f and 5.
5
Let b be (-22)/(-99) - (-860)/18. What is the highest common divisor of 36 and b?
12
Suppose 17*p + 51 = 14*p. Let z = 4 - p. What is the greatest common divisor of 84 and z?
21
Suppose -4 = w - 5*y, -2*w - y = y + 20. Let u(o) = o**3 + 11*o**2 + 7*o - 3. Let k be u(w). Calculate the highest common divisor of 12 and k.
12
Suppose -g + 3*b = -5*g, -4*b = -2*g. Suppose 0 = 2*p + 5*m + 11, -3*p + 2*p = -2*m - 8. Suppose g*y - 4 = -p*y. What is the greatest common factor of 5 and y?
1
Let d = -62 + 44. Let q = d - -10. Let p be -9*1*q/3. What is the highest common factor of p and 48?
24
Let u = 86 + -52. Let f = -15 + u. Let c = f + -16. Calculate the highest common factor of 33 and c.
3
Let k(m) = 11 - 4 - 29*m - 13 - 10. Let p be k(-8). What is the greatest common factor of 27 and p?
27
Suppose 12*w - 823 = -55. Calculate the highest common factor of w and 72.
8
Let x be ((-3)/(-6))/((-3)/(-102)). Suppose -5 = 4*s - x. Suppose 89 = s*v - 7. Calculate the greatest common factor of v and 48.
16
Let k(s) be the first derivative of 13*s**3 + s**2/2 - 2*s + 17. Let i be k(-2). Calculate the greatest common factor of 38 and i.
38
Let p(r) = -6*r + 50. Let y be p(7). Calculate the greatest common divisor of y and 88.
8
Let b(x) = -x**2 + 6*x + 7. Let y be b(7). Suppose 0 = -y*f + 7*f + 6328. Let z be f/(-30) + 2/(-15). What is the highest common divisor of 15 and z?
15
Suppose t - 19 = 2. Suppose 279 = 2*m + 3*n, -3*n + 38 + 388 = 3*m. Calculate the greatest common factor of t and m.
21
Let f = -1064 + 1499. Suppose -5*j + 4*i = -i - f, 4*i = -5*j + 444. Calculate the greatest common divisor of j and 11.
11
Suppose b - 6 = -b. Suppose -b*q = -0*q - 231. Let s be (-1)/24*-4 + (-65)/(-6). What is the highest common divisor of q and s?
11
Suppose -6*h + 47 = -7. Calculate the greatest common factor of h and 387.
9
Suppose 20*l = -39 + 59. Calculate the greatest common divisor of l and 4.
1
Let x = 666 - 426. Suppose u + 2*u - x = 0. What is the greatest common divisor of 20 and u?
20
Let u be 266/35*5 + 4. What is the highest common factor of u and 210?
42
Let m be 258/(5 + -6 + 3). Let i be m/4 + (-3)/12. Suppose -i = -9*v + 4*v - 3*z, z = -3*v + 20. What is the greatest common factor of 7 and v?
7
Suppose -37 = -2*l - 3*l + 3*b, 2*b = 5*l - 33. Suppose 0 = -l*d + 87 + 23. What is the greatest common divisor of 88 and d?
22
Suppose 5*l = -5*r + 65, -2*l - 76 = -5*r - 53. Let s(j) = 12*j - 3. Let k be s(2). What is the highest common divisor of k and r?
7
Let z be 30*10*3/18 - -4. Calculate the greatest common factor of z and 126.
18
Suppose 64 = -4*t + b - 5*b, -t = -5*b + 28. Let f = 99 + t. What is the greatest common divisor of f and 9?
9
Let r be (-3 - (-5 - 0))*88. Calculate the greatest common factor of r and 88.
88
Let g(k) = 8*k - 72. Let o be g(19). Calculate the highest common factor of 280 and o.
40
Suppose 4*y - 18 = 46. Suppose -2*k + y = -m - m, 0 = 4*m - 16. Let f be 3/(-5) + 243/5. Calculate the highest common divisor of k and f.
12
Suppose -279 = -2*o + 5*c, -o + 6*o + 5*c - 785 = 0. What is the highest common factor of o and 57?
19
Let b = 481 - -509. Suppose -12*n = -9*n - b. Calculate the highest common factor of n and 30.
30
Let w(k) = -6*k**3 - 2*k**2 + 2*k + 9. Let d be w(-2). Let z = -14 + 23. What is the highest common factor of z and d?
9
Let s(k) = -3*k**2 - 3*k - 6. Let f be s(-6). Let g = f + 358. Let d = g + -97. What is the greatest common divisor of 15 and d?
15
Let j = 582 + -442. What is the greatest common divisor of 224 and j?
28
Suppose 12 = d + 3*k - k, 4*d - 22 = 5*k. Let g be ((-2)/3)/(14/357). Let u(l) = -5*l - 84. Let v be u(g). What is the highest common divisor of d and v?
1
Let x be (-41)/(-41)*9/3. What is the greatest common factor of 6 and x?
3
Suppose -5*n = -147 + 42. Let l(y) = -24*y + 345. Let p be l(10